
Suppose -9 = -p - 3*t, 72 = 5*p - t - 53. Suppose 0*d - 2*d = -p. Suppose 2*j - d = -0*j. What is the units digit of j?
6
Let w = -8 - -10. Suppose 0 = -q - 4*q + 3*m + 90, -w*q - 2*m = -52. What is the units digit of q?
1
Let z = 27 + 6. What is the units digit of z?
3
Let v be (-3)/24 + 14/(-16). What is the tens digit of v - 12*(-16)/12?
1
Let m(v) = v**2 + 3. Let b be m(0). Let h = 9 - -2. Suppose h = b*r - 2*r. What is the units digit of r?
1
Let g = -92 + 205. What is the hundreds digit of g?
1
Let w = 21 + -19. Suppose -i = -2*q + w*i + 17, 3*q - 20 = -i. What is the units digit of q?
7
Suppose -2*n = -2, 0*i - i - 1 = -n. What is the units digit of 9 + i + 2 + -2?
9
Let j be ((-6)/4)/(3/(-76)). Suppose -j = -2*y + 4. What is the tens digit of y?
2
Let t(m) = 31*m**2 - 5*m - 4. What is the tens digit of t(-1)?
3
Let r = -3 + -1. What is the units digit of (r/(-6))/(16/264)?
1
Let h = 7 - 0. What is the units digit of h?
7
Suppose 21 = v - 5*r, -5*v + 2*r + 3*r + 165 = 0. What is the tens digit of v?
3
Let l(u) = 12*u**3 - u + 1. Suppose -3*s + 4*s - 1 = 0. What is the units digit of l(s)?
2
Let x(h) = h**3 - 8*h**2 - 27*h - 29. What is the hundreds digit of x(12)?
2
Let i = -4 + 9. Let n(c) = -c + 7. What is the units digit of n(i)?
2
Suppose 26*g - 2080 = 10*g. What is the tens digit of g?
3
Suppose -3*c + 0*c = -78. Let z be 5/(-15) - c/3. What is the units digit of z/(-3) - (-3 - -1)?
5
Suppose 0*y = 4*y + 4, 0 = -5*r + 2*y + 12. Let a be r/(-1 + 1 - -1). Suppose -a*q = 2*q - 32. What is the units digit of q?
8
Let w be (-4)/8*10/(-1). Suppose -5 = -s, w*b - 4*s = 2*b - 5. Suppose 20 = -0*c + b*c. What is the units digit of c?
4
Let z be 4/(-12) + (-16)/(-3). Suppose -z*a = -4*j - 25, a - 3*a + 5*j = -27. What is the units digit of a?
1
Suppose -4*z + 6*z = 30. What is the units digit of z?
5
Let u(a) = -a**3 - 3*a**2 + 2*a - 3. Let t be u(-4). Suppose 0 = 3*k - 2 - 13. Let r = t + k. What is the units digit of r?
0
Let l(x) = x**3 - 5*x**2 - 6*x + 3. Let y(s) = 2*s - 8. Let c be y(7). What is the units digit of l(c)?
3
Suppose 0 = 5*a - 4*i + 140, 0*i + 5 = -i. Let v = a - -59. What is the units digit of v?
7
Let v(z) = -z**3 + 20*z**2 + 23*z + 33. What is the tens digit of v(21)?
7
Suppose -2*b + b + 18 = 0. What is the tens digit of (189/b)/((-1)/(-2))?
2
Let m = 13 + -8. What is the tens digit of (8/m)/((-4)/(-50))?
2
Suppose 12*b = 15*b - 342. What is the tens digit of b?
1
Let n = -32 - 78. Let j = n + 159. What is the tens digit of j?
4
Let j = 35 - 49. Let k = -2 - j. What is the tens digit of k?
1
Suppose g - 2*k - 7 = -1, 3*k + 9 = -4*g. Suppose 5 = o - g*o + 3*j, 11 = 5*o + j. What is the units digit of o?
2
Suppose -3*o + 10 - 4 = 0. Suppose -o*w - 6 = -3*w. What is the units digit of w?
6
What is the tens digit of ((-1)/(-2))/(1/92)?
4
Suppose 97 = -4*z + 2*q - 93, 0 = -q + 5. Let d = 66 + z. What is the units digit of (0 - -4)*d/12?
7
Suppose -2 = 21*a - 19*a. Let z(w) be the third derivative of 13*w**5/60 + w**4/24 - 2*w**2. What is the tens digit of z(a)?
1
Let w = -4 - -6. Let o be (-2)/3 - 6/(-9). What is the units digit of o - (-1 + (-5 - w))?
8
What is the units digit of -2 + 19 - 10/(-10)?
8
Let i = -12 + 87. What is the units digit of i?
5
Let t(n) = -1. Let b(q) = q - 3. Let o(l) = b(l) + 2*t(l). Let k be o(4). Let f = 2 + k. What is the units digit of f?
1
Let k(d) = 14*d**2 - d + 1. What is the tens digit of k(1)?
1
Let b = -9 - -27. What is the tens digit of b?
1
Suppose 3*z - 66 - 6 = 0. Let y be 2/(-5) - z/40. Let j = 0 - y. What is the units digit of j?
1
Suppose -4*d + 2*g = -0*d + 48, -4*d - 48 = -g. Let z = d - -18. What is the units digit of z?
6
Suppose -b = b - 88. What is the tens digit of b?
4
Suppose 0*r = 2*r + 4*k - 20, 4 = 4*r - k. What is the units digit of (21/14)/(1/r)?
3
Let z = 68 + -26. What is the units digit of z?
2
Let i(v) = -v**3 + 8*v**2 + 9*v + 1. Let x be i(9). Let n = 1 + x. What is the units digit of n?
2
Suppose 0*n + 4*n - 4 = 0. Let h = n - 1. Let f = h + 4. What is the units digit of f?
4
Let r(q) = -q**3 - 7*q**2 - 7*q - 9. Let g be r(-6). Let f be 1/(g/27) - 1. Let w = f + 16. What is the units digit of w?
6
Let w(x) = 2*x + 50. What is the tens digit of w(0)?
5
Suppose -4*w = 16, -4*s + 5*w + 16 = -4. Suppose s = 4*b - 12 - 24. What is the units digit of b?
9
Suppose -c - 2*q = -3*q - 286, 3*c + 2*q - 838 = 0. What is the tens digit of c?
8
Let y(a) = 2*a - 15. Let s = 4 - -6. What is the units digit of y(s)?
5
Let d be (21/4)/((-6)/(-32)). Let h = -19 + d. What is the units digit of h?
9
Let d be 1 - (-2 + -1 + -4). Suppose d = a - 8. What is the tens digit of a?
1
What is the units digit of (-35)/(-14)*(-68)/(-1)?
0
Let r(u) = -2*u**3 + 2*u**2 + 2*u + 1. Let w be r(-1). Let h(d) = d**w - 2*d**2 - d**2 + 9*d**2 - 8*d + 8. What is the units digit of h(-7)?
5
Let f(n) be the first derivative of n**3/3 + 5*n**2/2 + 3*n - 2. What is the units digit of f(-5)?
3
Let i(k) = k**2 + 9*k + 8. What is the units digit of i(-9)?
8
Let n be 42/4*(-16)/(-6). Suppose g + g = n. What is the tens digit of g?
1
Suppose 2*q - 14 = 2*a + 10, q - 14 = -a. Suppose 5*n = 2*r - 6, 3*r + 3*n - q = 38. What is the tens digit of r?
1
Let s(d) = 10*d**2 - 9*d. What is the hundreds digit of s(4)?
1
Suppose n - 3*a = 0, -a = -2*n + 4*a + 1. Let s(m) = 2*m**2 - 3*m. What is the units digit of s(n)?
9
Let d = -5 - -3. Let h(n) = n**3 - 7*n**2 + 6*n + 5. Let j be h(6). Let k = j + d. What is the units digit of k?
3
Suppose -z - 4 = -3*z. What is the units digit of z/((5/3)/5)?
6
Let n = 212 - 68. What is the tens digit of n?
4
Suppose -a - 2 = -v + 11, 3*v + 3*a = 27. Suppose v = -2*h - 1. Let r(s) = s**2 + 4*s - 6. What is the units digit of r(h)?
6
Suppose 4*h + 3*p = 156, -175 = -4*h + 2*p - 19. What is the tens digit of h?
3
Suppose 0 = -i - 2*a - 3*a + 209, 3*i + 3*a = 675. What is the tens digit of i?
2
Suppose -22 = -9*k + 14. What is the units digit of k?
4
Let n be ((-6)/8)/(2/(-16)). Suppose 4*t - 5*i = 26, -2*t + i + n = 2*i. Suppose -9 = -z + r - t*r, 0 = 4*z - r - 49. What is the tens digit of z?
1
Suppose 0 = 2*l - l + 7. Let c be 4/(-6) + 831/(-9). What is the tens digit of (-2)/7 + c/l?
1
Suppose h + 5*v = -h + 9, -3*v + 36 = 3*h. What is the tens digit of h?
1
What is the units digit of 511/105 - 4/(-30)?
5
Suppose 7*s = 8*s - 29. What is the units digit of s?
9
Let l = 69 - -31. What is the units digit of l?
0
Suppose -1 = -r - 3*v, -r + 3*v + 14 = -11. Let z = 2 + r. What is the tens digit of z?
1
Let h(t) = 14*t - 42. What is the tens digit of h(14)?
5
Let w = -21 - -42. Let k be 57/w + (-2)/(-7). Suppose -k*u = -0*u + 15, 2*r - 2*u = 16. What is the units digit of r?
3
Let h(l) = l**2 + 9*l - 11. Let j be h(-10). Let p = j + 14. What is the tens digit of p?
1
Let z(b) = 38*b**2 + b. Let q be z(-1). Suppose -f = -q - 4. What is the units digit of f?
1
Let v(y) = y**3 + 7*y**2 - 11*y + 8. What is the hundreds digit of v(-6)?
1
What is the hundreds digit of ((-12)/(-16))/(-3) + 845/4?
2
Suppose 4*m + 0*m = 196. What is the units digit of m?
9
Let m be (0 - 1)/((-1)/2). Suppose -3*d - m*t = -4, -5*d - t = -1 - 8. Suppose 2*j = -d*j + 28. What is the units digit of j?
7
Let j(m) = 2*m**3 - 2*m + 2 + 1 - 4 + 0. What is the tens digit of j(2)?
1
Suppose -3*h + 4*o - 67 = 0, h - 2*h - 5*o - 35 = 0. Let y = h + 36. What is the tens digit of y?
1
Let t be (1 + -1)*(-12)/24. What is the tens digit of 444/12 + 2 + t?
3
What is the hundreds digit of (0/4 + -187)*-1?
1
Let h be (-472)/26 - (-4)/26. What is the units digit of (-1)/(-6) - 69/h?
4
Let o = -6 + 6. Suppose 4*f + o*f - 32 = 0. What is the units digit of f?
8
Let d = 284 - 200. What is the tens digit of d?
8
Suppose -3*q + 2*o = -0*o - 101, 5*o + 160 = 5*q. What is the units digit of q?
7
Let z(k) = -k**3 + 11*k**2 - 10*k + 3. Let s = 14 + -4. Let p be z(s). Suppose 0 = -2*d + g + 36, -3*d = 4*g - 29 - p. What is the units digit of d?
6
Suppose -4*s = -4, 5*t + 3*s - s = 22. Suppose t*h - 18 = 42. What is the tens digit of h?
1
What is the units digit of (7 - 3)/(2/88)?
6
Let w(q) = 1 - q**2 + 15*q - 8 - 2 + 1. What is the tens digit of w(7)?
4
Let z(m) = m + 12 + 6 - 8. What is the units digit of z(5)?
5
Let r = -10 - -16. Let w 